ite number?
False
Is 22439843 composite?
False
Is 337677889 composite?
False
Is 141734689 prime?
False
Is 17826031 composite?
False
Is 1866713 composite?
True
Is 12657943 composite?
False
Is 75160969 a composite number?
True
Is 126953 a prime number?
False
Is 40188407 prime?
False
Is 42125777 a composite number?
True
Is 45761726 a composite number?
True
Is 1106279 prime?
True
Is 18691679 a prime number?
True
Is 109585423 a prime number?
False
Is 937327961 prime?
True
Is 7333189 composite?
False
Is 48408961 composite?
True
Is 1539082 prime?
False
Is 34871173 a composite number?
False
Is 28489 composite?
True
Is 282087979 a prime number?
False
Is 945347 composite?
True
Is 664372103 prime?
False
Is 2867437 composite?
False
Is 6839683 prime?
True
Is 4628081 composite?
True
Is 84344899 composite?
False
Is 63118567 prime?
False
Is 85808249 prime?
True
Is 201613 composite?
True
Is 6294151 prime?
True
Is 262365227 a prime number?
False
Is 4832717 composite?
True
Is 36863 a composite number?
True
Is 278350111 prime?
False
Is 7389643 composite?
True
Is 13047571 a composite number?
False
Is 6316021 prime?
False
Is 110722621 prime?
False
Is 15875599 a composite number?
False
Is 33477929 a composite number?
False
Is 1876831547 composite?
True
Is 4045397 prime?
False
Is 3742073 composite?
True
Is 15689209 composite?
False
Is 24295573 prime?
True
Is 3113569 composite?
False
Is 3678791 composite?
False
Is 47073745 composite?
True
Is 11230309 prime?
True
Is 8326833 prime?
False
Is 84811009 a composite number?
True
Is 199669 prime?
True
Is 5845789 prime?
False
Is 133070987 a composite number?
True
Is 13957417 prime?
True
Is 42374929 a composite number?
False
Is 94840699 a composite number?
False
Is 92933587 composite?
False
Is 112667833 prime?
True
Is 450491 composite?
True
Is 173346623 a prime number?
False
Is 61712309 a composite number?
False
Is 11162953 a prime number?
True
Is 26824451 a prime number?
False
Is 18084139 a prime number?
False
Is 128398663 a composite number?
False
Is 25759 prime?
True
Is 6637682 composite?
True
Is 7005953 prime?
True
Is 16164389 a composite number?
False
Is 1763367 a prime number?
False
Is 47379677 a prime number?
True
Is 226307611 composite?
False
Is 56525023 a composite number?
False
Is 1403699543 prime?
True
Is 19258423 a composite number?
False
Is 37443031 composite?
True
Is 12512429 a composite number?
True
Is 76320581 composite?
False
Is 98163889 a prime number?
True
Is 131270861 a prime number?
True
Is 2964133 a composite number?
True
Is 3062827 composite?
True
Is 9977137 prime?
True
Is 5268229 a composite number?
False
Is 66946079 a prime number?
True
Is 2269667 prime?
False
Is 271729409 a composite number?
True
Is 365962661 composite?
False
Is 2126297 prime?
True
Is 10581359 a prime number?
True
Is 1067411 a composite number?
False
Is 3992351 prime?
False
Is 95392433 a composite number?
False
Is 134517 composite?
True
Is 136848463 composite?
True
Is 527110523 composite?
False
Is 144669169 a prime number?
False
Is 5629673 composite?
True
Is 7043287 prime?
False
Is 3914249 a composite number?
False
Is 14257 a composite number?
True
Is 4524731 a composite number?
False
Is 9078137 a composite number?
False
Is 1902479 composite?
True
Is 2936263 composite?
True
Is 62489629 a prime number?
True
Is 1558949 a prime number?
False
Is 44579 composite?
False
Is 7434169 prime?
True
Is 366581357 a composite number?
False
Is 1092167 a prime number?
False
Is 40073587 composite?
False
Is 62116259 prime?
False
Is 20294267 composite?
True
Is 33542827 composite?
False
Is 3548381 composite?
False
Is 83837009 prime?
True
Is 415003769 a composite number?
False
Is 5473913 composite?
True
Is 774437 a prime number?
False
Is 77567569 prime?
False
Is 4246471 a prime number?
False
Is 15644479 composite?
False
Is 112720301 a composite number?
True
Is 478163093 a prime number?
False
Is 8676467 prime?
True
Is 87179987 composite?
True
Is 2727143 prime?
True
Is 12064643 a composite number?
True
Is 396102173 prime?
False
Is 586673 a composite number?
True
Is 693961 a prime number?
True
Is 27026071 composite?
True
Is 40679221 composite?
True
Is 5257331 a prime number?
True
Is 1252273 composite?
True
Is 16797419 a composite number?
False
Is 420111455 prime?
False
Is 29990647 a composite number?
False
Is 6585379 composite?
True
Is 900347 prime?
False
Is 171274079 composite?
False
Is 103266427 composite?
True
Is 4273417 a composite number?
False
Is 454603 a composite number?
False
Is 512194301 prime?
True
Is 3157703 a prime number?
True
Is 50819413 a composite number?
True
Is 590533 a composite number?
True
Is 9811511 a composite number?
False
Is 8538029 prime?
False
Is 20134877 a composite number?
True
Is 896803 composite?
False
Is 18937871 a composite number?
False
Is 103942285 prime?
False
Is 3975683 a prime number?
False
Is 667530689 a prime number?
False
Is 153626899 a composite number?
False
Is 194603 a composite number?
True
Is 5162617 prime?
True
Is 301435727 prime?
True
Is 4425461 prime?
False
Is 8574899 a prime number?
True
Is 1241809 a composite number?
True
Is 34985219 prime?
True
Is 3064702 a composite number?
True
Is 617579 a prime number?
True
Is 874033607 a prime number?
True
Is 1046897 composite?
False
Is 803837 composite?
True
Is 6867181 prime?
True
Is 276302095 a composite number?
True
Is 24841309 prime?
True
Is 1140047 a composite number?
True
Is 8670533 a prime number?
True
Is 1885979 a composite number?
False
Is 4388959 a prime number?
False
Is 1173203 prime?
False
Is 260033 a prime number?
False
Is 2038499 a composite number?
False
Is 71998343 prime?
True
Is 548515549 a prime number?
True
Is 4512259 a composite number?
True
Is 3121213 a prime number?
False
Is 273520453 a composite number?
False
Is 46338601 prime?
True
Is 19717169 a composite number?
True
Is 156201553 a prime number?
True
Is 55407923 a prime number?
False
Is 8369123 a composite number?
True
Is 8338307 prime?
True
Is 7591801 prime?
False
Is 1048394 a prime number?
False
Is 25170547 prime?
True
Is 293666253 composite?
True
Is 2937941 a composite number?
True
Is 30264407 a composite number?
False
Is 1075279 composite?
False
Is 178007341 a composite number?
False
Is 4783991 a prime number?
False
Is 103810153 composite?
False
Is 99619919 composite?
True
Is 757466 a prime number?
False
Is 99539 a prime number?
False
Is 2231083 prime?
False
Is 2944151 a composite number?
True
Is 2879909 prime?
True
Is 6162881 prime?
True
Is 405947 a prime number?
True
Is 13413919 a prime number?
True
Is 9890585 composite?
True
Is 228084179 a prime number?
True
Is 571343 prime?
False
Is 613049 a prime number?
True
Is 15293833 a composite number?
False
Is 19651523 prime?
True
Is 2411281 a composite number?
True
Is 2104699 prime?
True
Is 81083389 prime?
False
Is 38428181 a prime number?
False
Is 5045923 a prime number?
False
Is 11468129 prime?
True
Is 3634799 prime?
False
Is 814699 composite?
False
Is 11274773 prime?
True
Is 558745549 a composite number?
True
Is 174599065 a prime number?
False
Is 305741 a composite number?
False
Is 1126654271 prime?
True
Is 319237181 a composite number?
False
Is 29444399 a prime number?
False
Is 16180291 a prime number?
True
Is 2262307 composite?
True
Is 7591933 a prime number?
False
Is 26816317 a prime number?
False
Is 102853 a composite number?
True
Is 108337469 a prime number?
True
Is 1228531 a composite number?
True
Is 1869139 a prime number?
True
Is 350354041 a composite number?
True
Is 603325529 prime?
False
Is 2003605 a prime number?
False
Is 12260857 a composite number?
True
Is 26873635 a prime number?
False
Is 48912049 a prime number?
True
Is 1208599321 composite?
True
Is 70733 prime?
False
Is 170312201 a composite number?
False
Is 1470515 a prime number?
False
Is 237965773 prime?
True
Is 47316499 a prime number?
True
Is 9489661 a prime number?
False
Is 181481 a prime number?
False
Is 934217 a prime number?
False
Is 1695907 a composite number?
True
Is 2523041 a prime number?
True
Is 7614187 composite?
True
Is 527259727 a prime number?
False
Is 31109903 prime?
False
Is 184538 composite?
True
Is 4584155 a composite number?
True
Is 533309551 composite?
True
Is 211613 a composite number?
True
Is 34092379 a prime number?
True
Is 119590739 a prime numbe